{"id":138,"date":"2026-03-16T15:18:00","date_gmt":"2026-03-16T15:18:00","guid":{"rendered":"https:\/\/marlyandco.com\/?page_id=138"},"modified":"2026-03-23T20:13:44","modified_gmt":"2026-03-23T20:13:44","slug":"collier-en-paracorde","status":"publish","type":"page","link":"https:\/\/marlyandco.com\/index.php\/collier-en-paracorde\/","title":{"rendered":"Collier en \u00a0biothane et paracorde tress\u00e9"},"content":{"rendered":"\n<figure class=\"wp-block-gallery has-nested-images columns-4 is-cropped wp-block-gallery-1 is-layout-flex wp-block-gallery-is-layout-flex\">\n<figure class=\"wp-block-image size-large\"><img loading=\"lazy\" decoding=\"async\" width=\"683\" height=\"1024\" data-id=\"59\" src=\"https:\/\/marlyandco.com\/wp-content\/uploads\/2026\/03\/image23-683x1024.jpeg\" alt=\"\" class=\"wp-image-59\" srcset=\"https:\/\/marlyandco.com\/wp-content\/uploads\/2026\/03\/image23-683x1024.jpeg 683w, https:\/\/marlyandco.com\/wp-content\/uploads\/2026\/03\/image23-200x300.jpeg 200w, https:\/\/marlyandco.com\/wp-content\/uploads\/2026\/03\/image23-768x1152.jpeg 768w, https:\/\/marlyandco.com\/wp-content\/uploads\/2026\/03\/image23-1024x1536.jpeg 1024w, https:\/\/marlyandco.com\/wp-content\/uploads\/2026\/03\/image23.jpeg 1153w\" sizes=\"auto, (max-width: 683px) 100vw, 683px\" \/><\/figure>\n\n\n\n<figure class=\"wp-block-image size-large\"><img loading=\"lazy\" decoding=\"async\" width=\"682\" height=\"1024\" data-id=\"58\" src=\"https:\/\/marlyandco.com\/wp-content\/uploads\/2026\/03\/image20-682x1024.jpeg\" alt=\"\" class=\"wp-image-58\" srcset=\"https:\/\/marlyandco.com\/wp-content\/uploads\/2026\/03\/image20-682x1024.jpeg 682w, https:\/\/marlyandco.com\/wp-content\/uploads\/2026\/03\/image20-200x300.jpeg 200w, https:\/\/marlyandco.com\/wp-content\/uploads\/2026\/03\/image20-768x1153.jpeg 768w, https:\/\/marlyandco.com\/wp-content\/uploads\/2026\/03\/image20-1023x1536.jpeg 1023w, https:\/\/marlyandco.com\/wp-content\/uploads\/2026\/03\/image20.jpeg 1148w\" sizes=\"auto, (max-width: 682px) 100vw, 682px\" \/><\/figure>\n\n\n\n<figure class=\"wp-block-image size-large\"><img loading=\"lazy\" decoding=\"async\" width=\"682\" height=\"1024\" data-id=\"57\" src=\"https:\/\/marlyandco.com\/wp-content\/uploads\/2026\/03\/image17-682x1024.jpeg\" alt=\"\" class=\"wp-image-57\" srcset=\"https:\/\/marlyandco.com\/wp-content\/uploads\/2026\/03\/image17-682x1024.jpeg 682w, https:\/\/marlyandco.com\/wp-content\/uploads\/2026\/03\/image17-200x300.jpeg 200w, https:\/\/marlyandco.com\/wp-content\/uploads\/2026\/03\/image17-768x1152.jpeg 768w, https:\/\/marlyandco.com\/wp-content\/uploads\/2026\/03\/image17-1024x1536.jpeg 1024w, https:\/\/marlyandco.com\/wp-content\/uploads\/2026\/03\/image17.jpeg 1061w\" sizes=\"auto, (max-width: 682px) 100vw, 682px\" \/><\/figure>\n\n\n\n<figure class=\"wp-block-image size-large\"><img loading=\"lazy\" decoding=\"async\" width=\"683\" height=\"1024\" data-id=\"53\" src=\"https:\/\/marlyandco.com\/wp-content\/uploads\/2026\/03\/image14-683x1024.jpeg\" alt=\"\" class=\"wp-image-53\" srcset=\"https:\/\/marlyandco.com\/wp-content\/uploads\/2026\/03\/image14-683x1024.jpeg 683w, https:\/\/marlyandco.com\/wp-content\/uploads\/2026\/03\/image14-200x300.jpeg 200w, https:\/\/marlyandco.com\/wp-content\/uploads\/2026\/03\/image14-768x1152.jpeg 768w, https:\/\/marlyandco.com\/wp-content\/uploads\/2026\/03\/image14-1024x1536.jpeg 1024w, https:\/\/marlyandco.com\/wp-content\/uploads\/2026\/03\/image14.jpeg 1144w\" sizes=\"auto, (max-width: 683px) 100vw, 683px\" \/><\/figure>\n<\/figure>\n\n\n\n<p>Nos colliers en&nbsp;<strong>biothane et paracorde tress\u00e9e<\/strong>&nbsp;sont con\u00e7us pour les&nbsp;<strong>chiens moyens et grands<\/strong>, en associant&nbsp;<strong>solidit\u00e9, confort et style<\/strong>. Chaque mod\u00e8le est r\u00e9alis\u00e9 avec soin pour offrir un collier aussi robuste qu\u2019esth\u00e9tique, id\u00e9al pour un usage quotidien.<\/p>\n\n\n\n<p>Vous pouvez choisir la&nbsp;<strong>couleur<\/strong>&nbsp;selon vos envies ainsi que la&nbsp;<strong>bouclerie<\/strong>&nbsp;:&nbsp;<strong>laiton<\/strong>&nbsp;ou&nbsp;<strong>acier inoxydable<\/strong>, pour une finition adapt\u00e9e \u00e0 votre style.<\/p>\n\n\n\n<p>L\u2019association du biothane et de la paracorde tress\u00e9e permet d\u2019obtenir un collier \u00e0 la fois r\u00e9sistant et original. Le biothane apporte sa facilit\u00e9 d\u2019entretien, sa tenue dans le temps et sa r\u00e9sistance \u00e0 l\u2019eau, tandis que la paracorde tress\u00e9e ajoute du relief, du caract\u00e8re et une excellente solidit\u00e9.<\/p>\n\n\n\n<p>Ces colliers sont pens\u00e9s pour offrir un maintien fiable et durable, tout en mettant en valeur votre chien avec une finition travaill\u00e9e et \u00e9l\u00e9gante. Un mod\u00e8le parfait pour celles et ceux qui recherchent un collier \u00e0 la fois pratique, solide et unique.<\/p>\n\n\n\n<p class=\"has-text-align-center has-text-color has-link-color popmake-211 wp-elements-ec445f7d8a506ce91c710f233cd04f38\" style=\"color:#3075d5;font-style:normal;font-weight:500;text-decoration:underline;text-transform:uppercase\"><em>cliquer ici pour voir les couleurs disponibles<\/em><\/p>\n\n\n\n<p class=\"has-text-align-center has-text-color has-link-color has-medium-font-size wp-elements-1c61c746421e4a96284e1a9d37ae9247\" style=\"color:#3153aa\"><strong>Tailles et tarifs<\/strong><\/p>\n\n\n\n<figure class=\"wp-block-table is-style-regular\" style=\"margin-top:0;margin-right:var(--wp--preset--spacing--80);margin-bottom:0;margin-left:var(--wp--preset--spacing--80);font-size:14px\"><table class=\"has-theme-1-background-color has-background has-fixed-layout\" style=\"border-width:1px\"><tbody><tr><td class=\"has-text-align-center\" data-align=\"center\"><strong>Taille<\/strong><\/td><td class=\"has-text-align-center\" data-align=\"center\"><strong>Dimensions<\/strong><\/td><td class=\"has-text-align-center\" data-align=\"center\"><strong>Tarif<\/strong><\/td><\/tr><tr><td class=\"has-text-align-center\" data-align=\"center\">M<\/td><td class=\"has-text-align-center\" data-align=\"center\">38-48cm <br>(25mm d&#8217;\u00e9paisseur)<\/td><td class=\"has-text-align-center\" data-align=\"center\">60 \u20ac<\/td><\/tr><tr><td class=\"has-text-align-center\" data-align=\"center\">L<\/td><td class=\"has-text-align-center\" data-align=\"center\">48-58cm <br>(25mm d&#8217;\u00e9paisseur)<\/td><td class=\"has-text-align-center\" data-align=\"center\">61 \u20ac<\/td><\/tr><tr><td class=\"has-text-align-center\" data-align=\"center\">XL<\/td><td class=\"has-text-align-center\" data-align=\"center\">58-68cm <br>(25mm d&#8217;\u00e9paisseur)<\/td><td class=\"has-text-align-center\" data-align=\"center\">62 \u20ac<\/td><\/tr><\/tbody><\/table><\/figure>\n\n\n\n<p class=\"has-text-align-center\" style=\"font-size:13px\"><em>Tous tarifs sont en euros et inclus le TVA et les frais de livraison<\/em><\/p>\n\n\n\n<div class=\"wp-block-buttons is-content-justification-center is-layout-flex wp-container-core-buttons-is-layout-a89b3969 wp-block-buttons-is-layout-flex\">\n<div class=\"wp-block-button is-style-outline is-style-outline--2\"><a class=\"wp-block-button__link wp-element-button\" href=\"http:\/\/www.marlyandco.com\/#notreselection\">RETOUR<\/a><\/div>\n<\/div>\n","protected":false},"excerpt":{"rendered":"<p>Nos colliers en&nbsp;biothane et paracorde tress\u00e9e&nbsp;sont con\u00e7us pour les&nbsp;chiens moyens et grands, en associant&nbsp;solidit\u00e9, confort et style. Chaque mod\u00e8le est r\u00e9alis\u00e9 avec soin pour offrir un collier aussi robuste qu\u2019esth\u00e9tique, id\u00e9al pour un usage quotidien. Vous pouvez choisir la&nbsp;couleur&nbsp;selon vos envies ainsi que la&nbsp;bouclerie&nbsp;:&nbsp;laiton&nbsp;ou&nbsp;acier inoxydable, pour une finition adapt\u00e9e \u00e0 votre style. L\u2019association du biothane [&hellip;]<\/p>\n","protected":false},"author":1,"featured_media":0,"parent":0,"menu_order":0,"comment_status":"closed","ping_status":"closed","template":"","meta":{"footnotes":""},"class_list":["post-138","page","type-page","status-publish","hentry"],"_links":{"self":[{"href":"https:\/\/marlyandco.com\/index.php\/wp-json\/wp\/v2\/pages\/138","targetHints":{"allow":["GET"]}}],"collection":[{"href":"https:\/\/marlyandco.com\/index.php\/wp-json\/wp\/v2\/pages"}],"about":[{"href":"https:\/\/marlyandco.com\/index.php\/wp-json\/wp\/v2\/types\/page"}],"author":[{"embeddable":true,"href":"https:\/\/marlyandco.com\/index.php\/wp-json\/wp\/v2\/users\/1"}],"replies":[{"embeddable":true,"href":"https:\/\/marlyandco.com\/index.php\/wp-json\/wp\/v2\/comments?post=138"}],"version-history":[{"count":10,"href":"https:\/\/marlyandco.com\/index.php\/wp-json\/wp\/v2\/pages\/138\/revisions"}],"predecessor-version":[{"id":284,"href":"https:\/\/marlyandco.com\/index.php\/wp-json\/wp\/v2\/pages\/138\/revisions\/284"}],"wp:attachment":[{"href":"https:\/\/marlyandco.com\/index.php\/wp-json\/wp\/v2\/media?parent=138"}],"curies":[{"name":"wp","href":"https:\/\/api.w.org\/{rel}","templated":true}]}}